{"id":61,"date":"2024-06-26T11:34:36","date_gmt":"2024-06-26T09:34:36","guid":{"rendered":"http:\/\/gaiagraphie.com\/?page_id=61"},"modified":"2024-06-28T11:05:25","modified_gmt":"2024-06-28T09:05:25","slug":"introduction","status":"publish","type":"page","link":"https:\/\/gaiagraphie.com\/index.php\/introduction\/","title":{"rendered":"Introduction"},"content":{"rendered":"\n<div class=\"wp-block-columns alignwide is-layout-flex wp-container-core-columns-is-layout-9d6595d7 wp-block-columns-is-layout-flex\">\n<div class=\"wp-block-column is-layout-flow wp-block-column-is-layout-flow\" style=\"flex-basis:100%\">\n<p class=\"has-drop-cap has-extra-small-font-size\">At the time of the Anthropocene, how can we represent a world constantly moving, tracing an unstable Earth? How are new emerging sciences &#8211; critical zones &#8211; renewing our understanding of nature? And last but not least, how can we make commensurable the different types of knowledge and methods that have the same objective: to understand the Earth?<\/p>\n<\/div>\n<\/div>\n\n\n\n<div class=\"wp-block-columns alignwide is-layout-flex wp-container-core-columns-is-layout-9d6595d7 wp-block-columns-is-layout-flex\">\n<div class=\"wp-block-column is-layout-flow wp-block-column-is-layout-flow\" style=\"flex-basis:100%\">\n<p class=\"has-extra-small-font-size\">Every day, architects use maps to perform reality, to make it happen, to show something that doesn&rsquo;t yet exist, but which is plausible and on which the success of the project depends. With Terra Forma&rsquo;s maps, the point is to make visible existing elements that do exist, but which cannot be seen in traditional maps, and which cannot be detected if we don&rsquo;t have the right sensors.<\/p>\n<\/div>\n<\/div>\n\n\n\n<div class=\"wp-block-columns alignwide is-layout-flex wp-container-core-columns-is-layout-9d6595d7 wp-block-columns-is-layout-flex\">\n<div class=\"wp-block-column is-layout-flow wp-block-column-is-layout-flow\" style=\"flex-basis:100%\">\n<p class=\"has-extra-small-font-size\">The critical zone refers to the habitable part of the earth, between the rocks and the sky. This term captures the urgency of the habitable condition. Impacted by human activities, this fragile zone is studied by the earth and life sciences in observatories around the world, and in France, through the <a href=\"https:\/\/www.ozcar-ri.org\/fr\/accueil\/\" target=\"_blank\" rel=\"noreferrer noopener\">OZCAR (Observatoires de la Zone Critique, Application et Recherche)<\/a> and <a href=\"http:\/\/www.za-inee.org\" target=\"_blank\" rel=\"noreferrer noopener\">Zones Ateliers networks<\/a>. These observatories instrument watersheds with sensors to understand ecosystems.&nbsp;These observatories provide the terrain for understanding \u00ab\u00a0the intrusion of Gaia\u00a0\u00bb locally and in different parts of the world. However, critical zones, although a structured research program, are unknown zones, unknown to other disciplines and non-experts, but also to the scientists themselves, who are seeking to understand their dynamics and, especially, the scope of disturbance.&nbsp;<\/p>\n<\/div>\n<\/div>\n\n\n\n<div class=\"wp-block-columns alignwide is-layout-flex wp-container-core-columns-is-layout-9d6595d7 wp-block-columns-is-layout-flex\">\n<div class=\"wp-block-column is-layout-flow wp-block-column-is-layout-flow\" style=\"flex-basis:100%\">\n<p class=\"has-extra-small-font-size\">We propose the exploration of the critical zone through cartography. But to do this, we need to change our frame of reference to better visualize the layers of the critical zone and its cycles. The maps you will explore here are based on an inversion, a reversal of the Earth&rsquo;s layers: we place the atmosphere and the soil at the center of the map and the rocks at the periphery. We integrate this reversal into a more extensive manual of cartographic potentials, <a href=\"http:\/\/s-o-c.fr\/index.php\/terraforma\/\" target=\"_blank\" rel=\"noreferrer noopener\">Terra Forma<\/a>, where 7 alternative map models are invented. At the same time, we are continuing our inquiry into the critical zone: how are these field sciences renewing our understanding of nature?<\/p>\n<\/div>\n<\/div>\n\n\n\n<div class=\"wp-block-columns alignwide is-layout-flex wp-container-core-columns-is-layout-9d6595d7 wp-block-columns-is-layout-flex\">\n<div class=\"wp-block-column is-layout-flow wp-block-column-is-layout-flow\" style=\"flex-basis:100%\">\n<p class=\"has-extra-small-font-size\">Finally, the gaiagraphies proposed here stem from our participation in a major <a href=\"https:\/\/terra-forma-web.osug.fr\/-Le-Projet-57-\" target=\"_blank\" rel=\"noreferrer noopener\">TERRA FORMA Equipex <\/a>science project (whose name is borrowed from the book). These are maps of the pilot observatories and their sensors, which multiply the points of view on the environment so as to better understand the interactions between systems: flux towers, probes, weather stations, soil DNA surveys, camera traps, and so more. These offer various points of view that need to be put together, but this is impossible in traditional maps, which define any place homogeneously with coordinates, but don&rsquo;t provide a measure of living breath or soil erosion.<\/p>\n\n\n\n<p class=\"has-extra-small-font-size\">This website is structured into three parts. <a href=\"https:\/\/gaiagraphie.com\/index.php\/before-exploring\/\" target=\"_blank\" rel=\"noreferrer noopener\">BEFORE EXPLORING<\/a> provides key understanding of the project with this introduction, the approach of <a href=\"https:\/\/gaiagraphie.com\/index.php\/ethno-cartographies\/\" target=\"_blank\" rel=\"noreferrer noopener\">ethno-cartographies <\/a>and the <a href=\"https:\/\/gaiagraphie.com\/index.php\/map-template\/\" target=\"_blank\" rel=\"noreferrer noopener\">map template<\/a> which is used to map the observatories. <a href=\"https:\/\/gaiagraphie.com\/index.php\/start-to-explore\/\" target=\"_blank\" rel=\"noreferrer noopener\">START TO EXPLORE<\/a> presents the maps and their sensors in three different contexts having specific attributes, namely <a href=\"https:\/\/gaiagraphie.com\/index.php\/subterranean-micro-lives\/\">Subterranean micro-lives<\/a>, <a href=\"https:\/\/gaiagraphie.com\/index.php\/life-snow\/\" target=\"_blank\" rel=\"noreferrer noopener\">Life in the snow<\/a>, and <a href=\"https:\/\/gaiagraphie.com\/index.php\/soil-breathing\/\" target=\"_blank\" rel=\"noreferrer noopener\">Soil breathing<\/a>. A last part, <a href=\"https:\/\/gaiagraphie.com\/index.php\/biogeotech-entities\/\" target=\"_blank\" rel=\"noreferrer noopener\">Biogeotech entities<\/a>, presents a map with the sensors developed in the TERRA FORMA scientific project. <a href=\"https:\/\/gaiagraphie.com\/index.php\/how-is-exploring\/\" target=\"_blank\" rel=\"noreferrer noopener\">HOW IS EXPLORING<\/a> exposes the <a href=\"https:\/\/gaiagraphie.com\/index.php\/methodology\/\" target=\"_blank\" rel=\"noreferrer noopener\">methodologies<\/a> used to draw the maps and provides the data documents in pdf about the <a href=\"https:\/\/gaiagraphie.com\/index.php\/fieldwork\/\" target=\"_blank\" rel=\"noreferrer noopener\">Fieldworks<\/a> and the <a href=\"https:\/\/gaiagraphie.com\/index.php\/workshops\/\" target=\"_blank\" rel=\"noreferrer noopener\">Workshops<\/a> which were undertaking in the three observatories.<\/p>\n<\/div>\n<\/div>\n\n\n\n<div class=\"wp-block-columns alignwide is-layout-flex wp-container-core-columns-is-layout-9d6595d7 wp-block-columns-is-layout-flex\">\n<div class=\"wp-block-column is-layout-flow wp-block-column-is-layout-flow\" style=\"flex-basis:100%\">\n<p class=\"has-extra-small-font-size\">According to John Dewey, an inquiry starts amidst doubt and ends when the tension is released. If the inquiry into the critical zone has begun, it is certainly not over, as we still have to learn how to coexist with the geo and bio entities that compose the Earth. The aim of this research project is to renew our understanding of nature, to better grasp the cosmologies of the beings and elements that shape the Earth&rsquo;s habitability.<\/p>\n<\/div>\n<\/div>\n\n\n\n<p class=\"has-extra-small-font-size\"><strong>Bibliography<\/strong><\/p>\n\n\n\n<p class=\"has-extra-small-font-size\">A\u00eft-Touati, Ar\u00e8nes, Gr\u00e9goire (2019) Terra Forma, manuel de cartographies potentielles.&nbsp;B42<\/p>\n\n\n\n<p class=\"has-extra-small-font-size\">Gaillardet J. (2023)&nbsp;<em>La Terre Habitable, l\u2019\u00e9pop\u00e9e de la zone critique<\/em>. La D\u00e9couverte.<\/p>\n\n\n\n<p class=\"has-extra-small-font-size\">Latour, B. (2017) Facing Gaia. Eight Lectures on the New Climatic Regime (translated by Cathy Porter), London: Polity Press.<\/p>\n\n\n\n<p class=\"has-extra-small-font-size\">Latour, B. (2018)&nbsp;Down to Earth: Politics in the New Climatic Regime, Polity Press.<\/p>\n\n\n\n<p class=\"has-extra-small-font-size\">Latour B., Weibel P. (2020) Critical Zones. The Science and Politics of Landing on Earth. MIT Press.<\/p>\n\n\n\n<p class=\"has-extra-small-font-size\">Lovelock, J. (1979) Gaia: A New Look at Life on Earth, Oxford ; New York : Oxford University Press<\/p>\n\n\n\n<p class=\"has-extra-small-font-size\">Margulis L. (1998) Symbiotic Planet: A New Look at Evolution, Basic Books<\/p>\n\n\n\n<p class=\"has-extra-small-font-size\">Isabelle Stengers (2009)&nbsp;<em>Au temps des catastrophes. R\u00e9sister \u00e0 la barbarie qui vient<\/em>&nbsp;<a href=\"http:\/\/www.editionsladecouverte.fr\/catalogue\/index-Au_temps_des_catastrophes-9782707177193.html\">Editions La D\u00e9couverte, Les Emp\u00eacheurs de penser en rond<\/a>.<\/p>\n","protected":false},"excerpt":{"rendered":"<p>At the time of the Anthropocene, how can we represent a world constantly moving, tracing an unstable Earth? How are new emerging sciences &#8211; critical zones &#8211; renewing our understanding of nature? And last but not least, how can we make commensurable the different types of knowledge and methods that have the same objective: to&hellip; <a class=\"more-link\" href=\"https:\/\/gaiagraphie.com\/index.php\/introduction\/\">Poursuivre la lecture <span class=\"screen-reader-text\">Introduction<\/span><\/a><\/p>\n","protected":false},"author":1,"featured_media":0,"parent":0,"menu_order":0,"comment_status":"closed","ping_status":"closed","template":"","meta":{"footnotes":""},"class_list":["post-61","page","type-page","status-publish","hentry","entry"],"_links":{"self":[{"href":"https:\/\/gaiagraphie.com\/index.php\/wp-json\/wp\/v2\/pages\/61","targetHints":{"allow":["GET"]}}],"collection":[{"href":"https:\/\/gaiagraphie.com\/index.php\/wp-json\/wp\/v2\/pages"}],"about":[{"href":"https:\/\/gaiagraphie.com\/index.php\/wp-json\/wp\/v2\/types\/page"}],"author":[{"embeddable":true,"href":"https:\/\/gaiagraphie.com\/index.php\/wp-json\/wp\/v2\/users\/1"}],"replies":[{"embeddable":true,"href":"https:\/\/gaiagraphie.com\/index.php\/wp-json\/wp\/v2\/comments?post=61"}],"version-history":[{"count":20,"href":"https:\/\/gaiagraphie.com\/index.php\/wp-json\/wp\/v2\/pages\/61\/revisions"}],"predecessor-version":[{"id":423,"href":"https:\/\/gaiagraphie.com\/index.php\/wp-json\/wp\/v2\/pages\/61\/revisions\/423"}],"wp:attachment":[{"href":"https:\/\/gaiagraphie.com\/index.php\/wp-json\/wp\/v2\/media?parent=61"}],"curies":[{"name":"wp","href":"https:\/\/api.w.org\/{rel}","templated":true}]}}